{"id":24662,"date":"2022-02-02T14:34:11","date_gmt":"2022-02-02T14:34:11","guid":{"rendered":"https:\/\/praxis-segrt.de\/?page_id=24662"},"modified":"2022-02-11T17:25:18","modified_gmt":"2022-02-11T17:25:18","slug":"datenschutzerklarung","status":"publish","type":"page","link":"https:\/\/praxis-segrt.de\/?page_id=24662","title":{"rendered":"Datenschutzerkl\u00e4rung"},"content":{"rendered":"\n<p>Ich nehme den Schutz Ihrer pers\u00f6nlichen Daten sehr ernst. Ich behandele Ihre personenbezogenen Daten vertraulich und entsprechend der gesetzlichen Datenschutzvorschriften sowie dieser Datenschutzerkl\u00e4rung.<br>Ich m\u00f6chte Sie hiermit \u00fcber die Verarbeitung von personenbezogenen Daten auf dieser Website informieren.<br>Ich verarbeite Ihre pers\u00f6nlichen Daten nur, wenn Sie hierin eingewilligt haben oder hier eine gesetzliche Grundlage besteht.<\/p>\n\n\n\n<div style=\"height:15px\" aria-hidden=\"true\" class=\"wp-block-spacer\"><\/div>\n\n\n\n<h5 class=\"wp-block-heading\" id=\"name-und-kontaktdaten-der-des-verantwortlichen\">Name und Kontaktdaten der\/des Verantwortlichen<\/h5>\n\n\n\n<p>Verantwortlich f\u00fcr die Verarbeitung der personenbezogenen Daten ist<\/p>\n\n\n\n<p>Milan Segrt<br>Sachsenhausener Stra\u00dfe 29A-31<br>16515, Oranienburg<br>Tel: 01628383626<br>praxis.segrt@gmail.com<\/p>\n\n\n\n<div style=\"height:15px\" aria-hidden=\"true\" class=\"wp-block-spacer\"><\/div>\n\n\n\n<h5 class=\"wp-block-heading\" id=\"verarbeitung-personenbezogener-daten-zweck-der-verwendung-und-rechts-grundlagen\">Verarbeitung personenbezogener Daten, Zweck der Verwendung und Rechts-<br>grundlagen<\/h5>\n\n\n\n<div style=\"height:15px\" aria-hidden=\"true\" class=\"wp-block-spacer\"><\/div>\n\n\n\n<h5 class=\"wp-block-heading\" id=\"allgemein-besuch-der-website\">Allgemein \u2013 Besuch der Website<\/h5>\n\n\n\n<p>Meine Website dient der Bereitstellung von Informationen \u00fcber meine<br>Praxis. Personenbezogenen Daten (Vor-, Nachname, E-Mail-Adresse, Telefonnummer werden auf<br>meiner Website) nicht erhoben.<br>Beim Besuch meiner Website werden durch den auf Ihrem Endger\u00e4t zum Einsatz<br>kommenden Browser Informationen an den Server meiner Website gesendet.<br>Diese Informationen werden tempor\u00e4r in den Logfiles des Servers gespeichert. Folgende<br>Informationen werden dabei erhoben:<br>\u2022 IP-Adresse des anfragenden Rechners,<br>\u2022 Datum und Uhrzeit des Zugriffs,<br>\u2022 Name und URL der abgerufenen Datei,<br>\u2022 zuvor besuchte Webseite (Referrer-URL),<br>\u2022 verwendeter Browser und ggf. das Betriebssystem Ihres Rechners sowie der Name<br>Ihres Access-Providers.<br><br>Die genannten Daten werden erhoben und verarbeitet, damit ein reibungsloser Verbin-<br>dungsaufbau der Website sichergestellt wird und die Inhalte korrekt dargestellt werden.<br>Die Daten werden gel\u00f6scht, wenn sie nicht mehr erforderlich sind.<br>Die Rechtsgrundlage f\u00fcr die Datenverarbeitung ist Artikel 6 Absatz 1 Satz 1 lit. f DSGVO.<br>Mein berechtigtes Interesse folgt aus oben aufgelisteten Zwecken zur Datenerhe-<br>bung. In keinem Fall verwende ich die erhobenen Daten zu dem Zweck, R\u00fcck-<br>schl\u00fcsse auf Ihre Person zu ziehen.<\/p>\n\n\n\n<div style=\"height:15px\" aria-hidden=\"true\" class=\"wp-block-spacer\"><\/div>\n\n\n\n<h5 class=\"wp-block-heading\" id=\"nutzung-der-kontaktaufnahme-per-e-mail\">Nutzung der Kontaktaufnahme per E-Mail<\/h5>\n\n\n\n<p>Ich weise darauf hin, dass die Daten\u00fcbertragung im Internet Sicherheitsl\u00fccken auf-<br>weisen kann. Ein l\u00fcckenloser Schutz der Daten vor dem Zugriff durch Dritte ist nicht m\u00f6g-<br>lich.<br>Sollten Sie \u00fcber E-Mail-Kontakt mit mir aufnehmen, erfolgt die Verarbeitung Ihrer Daten aufgrund Ihrer freiwillig erteilten Einwilligung gem\u00e4\u00df Artikel 6 Absatz 1 Satz 1 lit. a DSGVO.<br><br>Die Angabe Ihrer g\u00fcltigen E-Mail-Adresse ist erforderlich, um Ihre Anfragen beantworten<br>zu k\u00f6nnen. Diese Daten und Ihre Nachricht werden nur zur Bearbeitung und Beantwor-<br>tung Ihrer Anfrage gespeichert. Die Daten werden gel\u00f6scht, sobald sie nicht mehr erfor-<br>derlich sind und keine gesetzliche Aufbewahrungspflicht besteht. Eine Weitergabe Ihrer<br>Daten an Dritte erfolgt nicht.<br><br>Ihre Einwilligung k\u00f6nnen Sie jederzeit widerrufen. Durch den Widerruf wird die Rechtm\u00e4-<br>\u00dfigkeit, der aufgrund der Einwilligung bis zum Widerruf erfolgten Verarbeitung der Daten<br>nicht ber\u00fchrt. Den Widerruf k\u00f6nnen Sie schriftlich oder per E-Mail richten an: <br><br>Milan Segrt<br>Sachsenhausener Stra\u00dfe 29A-31<br>16515, Oranienburg<br>praxis.segrt@gmail.com<br><br>Bitte schreiben Sie keine vertraulichen Informationen, insbesondere Gesundheitsdaten in eine unverschl\u00fcsselte E-Mail, sondern nutzen Sie es nur zu einer ersten Kontaktaufnahme.<\/p>\n\n\n\n<div style=\"height:15px\" aria-hidden=\"true\" class=\"wp-block-spacer\"><\/div>\n\n\n\n<h5 class=\"wp-block-heading\" id=\"cookies\">Cookies<\/h5>\n\n\n\n<p>Ich setze auf meiner Website Cookies ein. Cookies sind kleine Textdateien, die automatisch im Browser auf Ihrem Endger\u00e4t (Rechner, Laptop, Tablet, Smartphone o. \u00e4.) gespeichert werden, wenn Sie meine Seite besuchen. Die Cookie-Information wird von Ihrem Browser bei jedem weiteren Besuch unserer Website an unseren Server gesendet. Dies bedeutet jedoch nicht, dass wir dadurch unmittelbar Kenntnis von Ihrer Identit\u00e4t erhalten.<br>Cookies dienen dazu, die Nutzung meiner Website f\u00fcr Sie angenehmer, effektiver und sicherer zu gestalten.<br>Ich setze tempor\u00e4re Cookies ein, die nur f\u00fcr den Zeitraum Ihres Besuchs auf meiner Website im Browser Ihres Endger\u00e4tes gespeichert und automatisch gel\u00f6scht werden, sobald Sie Ihren Browser schlie\u00dfen. Ich setze auch persistente Cookies ein. Diese bleiben auch nach Ihrem Besuch meiner Website in Ihrem Browser gespeichert.<br>Ihr Browser kann so eingestellt werden, dass Sie \u00fcber Cookies informiert werden und die Annahme von Cookies generell oder in Einzelf\u00e4llen erlauben oder generell ausschlie\u00dfen.<br>Sie k\u00f6nnen Cookies \u00fcber Ihre Browsereinstellungen jederzeit l\u00f6schen. Bei der Deaktivierung von Cookies kann die Funktionalit\u00e4t dieser Website eingeschr\u00e4nkt sein.<br>Die durch Cookies verarbeiteten Daten sind f\u00fcr die genannten Zwecke zur Wahrung meiner berechtigten Interessen Artikel 6 Absatz 1 Satz 1 lit. f DSGVO erforderlich.<\/p>\n\n\n\n<div style=\"height:15px\" aria-hidden=\"true\" class=\"wp-block-spacer\"><\/div>\n\n\n\n<h5 class=\"wp-block-heading\" id=\"ihre-rechte\">Ihre Rechte<\/h5>\n\n\n\n<p>Sie haben folgende Rechte:<br>\u2022 Recht auf Auskunft \u00fcber Ihre von mir verarbeiteten personenbezogenen Daten<br>(Artikel 15 DSGVO), dazu geh\u00f6rt auch: Auskunft \u00fcber Verarbeitungszweck, Kategorie<br>der personenbezogenen Daten, Empf\u00e4nger oder Kategorien von Empf\u00e4ngern, ge-<br>plante Speicherdauer,<br>\u2022 Recht auf unverz\u00fcgliche Berichtigung unrichtiger Daten oder Vervollst\u00e4ndigung un-<br>vollst\u00e4ndiger Daten (Artikel 16 DSGVO),<br>\u2022 Recht auf unverz\u00fcgliche L\u00f6schung (Artikel 17 DSGVO),<br>\u2022 Recht auf Einschr\u00e4nkung der Verarbeitung (Artikel 18 DSGVO),<br>\u2022 Recht auf Daten\u00fcbertragbarkeit (Artikel 20 DSGVO),<br>\u2022 Recht auf jederzeitigen Widerruf Ihrer einmal erteilten Einwilligung (Artikel 7 Absatz 3<br>DSGVO),<br>\u2022 Recht auf Widerspruch gegen die Verarbeitung bei der Datenerhebung auf Grundlage<br>von berechtigten Interessen nach Artikel 6 Absatz 1 Satz 1 lit. f DSGVO, soweit daf\u00fcr<br>Gr\u00fcnde vorliegen, die sich aus Ihrer besonderen Situation ergeben (Artikel 21 DSGVO),Muster-Datenschutzerkl\u00e4rung<br>\u2022 Recht, nicht einer ausschlie\u00dflich auf einer automatisierten Verarbeitung \u2013 einschlie\u00df-<br>lich Profiling \u2013 beruhenden Entscheidung unterworfen zu werden, die Ihnen gegen-<br>\u00fcber rechtliche Wirkung entfaltet oder sie in \u00e4hnlicher Weise erheblich beeintr\u00e4chtigt<br>(Art. 22 DSGVO).<br>Um diese Rechte geltend zu machen, k\u00f6nnen Sie sich jederzeit an den unter Ziffer 1 ge-<br>nannten Verantwortlichen wenden.<br>\u2022 Beschwerderecht bei Aufsichtsbeh\u00f6rde: Sie haben das Recht, sich bei einer Aufsichts-<br>beh\u00f6rde zu beschweren (Artikel 77 DSGVO). In der Regel k\u00f6nnen Sie sich hierf\u00fcr an<br>die Aufsichtsbeh\u00f6rde Ihres \u00fcblichen Aufenthaltsortes oder Arbeitsplatzes wenden.<br>Die f\u00fcr mich\/uns zust\u00e4ndige Aufsichtsbeh\u00f6rde ist :<\/p>\n\n\n\n<div style=\"height:16px\" aria-hidden=\"true\" class=\"wp-block-spacer\"><\/div>\n\n\n\n<h5 class=\"wp-block-heading\" id=\"dagmar-hartge\">Dagmar Hartge<\/h5>\n\n\n\n<p>Stahnsdorfer Damm 77<br>14532 Kleinmachnow<br>Telefon: 03 32 03\/356-0<br>E-Mail: poststelle@lda.brandenburg.de<\/p>\n\n\n\n<div style=\"height:16px\" aria-hidden=\"true\" class=\"wp-block-spacer\"><\/div>\n\n\n\n<h5 class=\"wp-block-heading\" id=\"aktualitat-und-anderung-dieser-datenschutzerklarung\">Aktualit\u00e4t und \u00c4nderung dieser Datenschutzerkl\u00e4rung<\/h5>\n\n\n\n<p>Diese Datenschutzerkl\u00e4rung hat den Stand Januar 2022. Ich behalte mir vor, die<br>Datenschutzerkl\u00e4rung zu aktualisieren, um den Datenschutz zu verbessern oder an ge\u00e4n-<br>derte beh\u00f6rdliche oder gerichtliche Vorgaben anzupassen. Die aktuelle Datenschutzerkl\u00e4-<br>rung kann jederzeit auf der Website unter [Link] abgerufen und ausgedruckt werden.<\/p>\n","protected":false},"excerpt":{"rendered":"<p>Ich nehme den Schutz Ihrer pers\u00f6nlichen Daten sehr ernst. Ich behandele Ihre personenbezogenen Daten vertraulich und entsprechend der gesetzlichen Datenschutzvorschriften sowie dieser Datenschutzerkl\u00e4rung.Ich m\u00f6chte Sie hiermit \u00fcber die Verarbeitung von personenbezogenen Daten auf dieser Website informieren.Ich verarbeite Ihre pers\u00f6nlichen Daten nur, wenn Sie hierin eingewilligt haben oder hier eine gesetzliche Grundlage besteht. Name und Kontaktdaten [&hellip;]<\/p>\n","protected":false},"author":1,"featured_media":0,"parent":0,"menu_order":0,"comment_status":"closed","ping_status":"closed","template":"","meta":{"om_disable_all_campaigns":false,"_monsterinsights_skip_tracking":false,"_monsterinsights_sitenote_active":false,"_monsterinsights_sitenote_note":"","_monsterinsights_sitenote_category":0,"site-sidebar-layout":"default","site-content-layout":"","ast-site-content-layout":"default","site-content-style":"default","site-sidebar-style":"default","ast-global-header-display":"","ast-banner-title-visibility":"","ast-main-header-display":"","ast-hfb-above-header-display":"","ast-hfb-below-header-display":"","ast-hfb-mobile-header-display":"","site-post-title":"","ast-breadcrumbs-content":"","ast-featured-img":"","footer-sml-layout":"","ast-disable-related-posts":"","theme-transparent-header-meta":"","adv-header-id-meta":"","stick-header-meta":"","header-above-stick-meta":"","header-main-stick-meta":"","header-below-stick-meta":"","astra-migrate-meta-layouts":"default","ast-page-background-enabled":"default","ast-page-background-meta":{"desktop":{"background-color":"","background-image":"","background-repeat":"repeat","background-position":"center center","background-size":"auto","background-attachment":"scroll","background-type":"","background-media":"","overlay-type":"","overlay-color":"","overlay-opacity":"","overlay-gradient":""},"tablet":{"background-color":"","background-image":"","background-repeat":"repeat","background-position":"center center","background-size":"auto","background-attachment":"scroll","background-type":"","background-media":"","overlay-type":"","overlay-color":"","overlay-opacity":"","overlay-gradient":""},"mobile":{"background-color":"","background-image":"","background-repeat":"repeat","background-position":"center center","background-size":"auto","background-attachment":"scroll","background-type":"","background-media":"","overlay-type":"","overlay-color":"","overlay-opacity":"","overlay-gradient":""}},"ast-content-background-meta":{"desktop":{"background-color":"var(--ast-global-color-5)","background-image":"","background-repeat":"repeat","background-position":"center center","background-size":"auto","background-attachment":"scroll","background-type":"","background-media":"","overlay-type":"","overlay-color":"","overlay-opacity":"","overlay-gradient":""},"tablet":{"background-color":"var(--ast-global-color-5)","background-image":"","background-repeat":"repeat","background-position":"center center","background-size":"auto","background-attachment":"scroll","background-type":"","background-media":"","overlay-type":"","overlay-color":"","overlay-opacity":"","overlay-gradient":""},"mobile":{"background-color":"var(--ast-global-color-5)","background-image":"","background-repeat":"repeat","background-position":"center center","background-size":"auto","background-attachment":"scroll","background-type":"","background-media":"","overlay-type":"","overlay-color":"","overlay-opacity":"","overlay-gradient":""}},"footnotes":""},"class_list":["post-24662","page","type-page","status-publish","hentry"],"aioseo_notices":[],"_links":{"self":[{"href":"https:\/\/praxis-segrt.de\/index.php?rest_route=\/wp\/v2\/pages\/24662","targetHints":{"allow":["GET"]}}],"collection":[{"href":"https:\/\/praxis-segrt.de\/index.php?rest_route=\/wp\/v2\/pages"}],"about":[{"href":"https:\/\/praxis-segrt.de\/index.php?rest_route=\/wp\/v2\/types\/page"}],"author":[{"embeddable":true,"href":"https:\/\/praxis-segrt.de\/index.php?rest_route=\/wp\/v2\/users\/1"}],"replies":[{"embeddable":true,"href":"https:\/\/praxis-segrt.de\/index.php?rest_route=%2Fwp%2Fv2%2Fcomments&post=24662"}],"version-history":[{"count":4,"href":"https:\/\/praxis-segrt.de\/index.php?rest_route=\/wp\/v2\/pages\/24662\/revisions"}],"predecessor-version":[{"id":24835,"href":"https:\/\/praxis-segrt.de\/index.php?rest_route=\/wp\/v2\/pages\/24662\/revisions\/24835"}],"wp:attachment":[{"href":"https:\/\/praxis-segrt.de\/index.php?rest_route=%2Fwp%2Fv2%2Fmedia&parent=24662"}],"curies":[{"name":"wp","href":"https:\/\/api.w.org\/{rel}","templated":true}]}}